9
What is the tens digit of 4532606?
0
What is the ten thousands digit of 2563967?
6
What is the ten thousands digit of 200957?
0
What is the thousands digit of 121079?
1
What is the thousands digit of 125386?
5
What is the hundreds digit of 176741?
7
What is the ten thousands digit of 4721316?
2
What is the hundreds digit of 212182?
1
What is the millions digit of 8350255?
8
What is the ten thousands digit of 16816?
1
What is the tens digit of 524346?
4
What is the thousands digit of 62019?
2
What is the hundreds digit of 937315?
3
What is the hundred thousands digit of 8383469?
3
What is the hundred thousands digit of 224767?
2
What is the thousands digit of 17988482?
8
What is the hundreds digit of 691113?
1
What is the ten thousands digit of 418911?
1
What is the tens digit of 788346?
4
What is the thousands digit of 295821?
5
What is the millions digit of 29159589?
9
What is the tens digit of 649804?
0
What is the units digit of 93758?
8
What is the hundred thousands digit of 32496239?
4
What is the hundred thousands digit of 167246?
1
What is the ten thousands digit of 114961?
1
What is the thousands digit of 190970?
0
What is the units digit of 3222793?
3
What is the tens digit of 563486?
8
What is the ten thousands digit of 9440938?
4
What is the units digit of 8179600?
0
What is the units digit of 185126?
6
What is the ten thousands digit of 432338?
3
What is the units digit of 385689?
9
What is the hundreds digit of 118688?
6
What is the thousands digit of 426348?
6
What is the thousands digit of 6177993?
7
What is the hundreds digit of 1612345?
3
What is the hundreds digit of 3132896?
8
What is the hundreds digit of 5444274?
2
What is the hundreds digit of 90584?
5
What is the hundred thousands digit of 14611484?
6
What is the thousands digit of 162068?
2
What is the thousands digit of 12277608?
7
What is the hundred thousands digit of 264602?
2
What is the ten thousands digit of 2778890?
7
What is the ten thousands digit of 2296621?
9
What is the hundred thousands digit of 463605?
4
What is the tens digit of 1307435?
3
What is the thousands digit of 474391?
4
What is the units digit of 5391138?
8
What is the units digit of 16379004?
4
What is the thousands digit of 128919?
8
What is the ten millions digit of 14637591?
1
What is the units digit of 3652931?
1
What is the thousands digit of 695842?
5
What is the ten thousands digit of 16151633?
5
What is the thousands digit of 119017?
9
What is the hundreds digit of 1510679?
6
What is the hundreds digit of 3019789?
7
What is the tens digit of 302708?
0
What is the units digit of 3363531?
1
What is the tens digit of 5011902?
0
What is the thousands digit of 10865960?
5
What is the tens digit of 126298?
9
What is the units digit of 847033?
3
What is the tens digit of 1108688?
8
What is the hundreds digit of 18795417?
4
What is the ten thousands digit of 6940810?
4
What is the hundreds digit of 1249153?
1
What is the hundreds digit of 444952?
9
What is the tens digit of 16362306?
0
What is the ten thousands digit of 4029847?
2
What is the hundreds digit of 8573565?
5
What is the thousands digit of 602127?
2
What is the ten thousands digit of 106791?
0
What is the ten millions digit of 32702761?
3
What is the hundreds digit of 2088642?
6
What is the units digit of 209926?
6
What is the hundreds digit of 22589476?
4
What is the ten thousands digit of 4114204?
1
What is the thousands digit of 1382758?
2
What is the ten thousands digit of 17340569?
4
What is the millions digit of 17495931?
7
What is the hundreds digit of 274460?
4
What is the hundred thousands digit of 208261?
2
What is the hundreds digit of 23855915?
9
What is the thousands digit of 3050697?
0
What is the hundreds digit of 69959?
9
What is the hundreds digit of 167176?
1
What is the hundred thousands digit of 3925063?
9
What is the hundred thousands digit of 214116?
2
What is the hundreds digit of 7536801?
8
What is the thousands digit of 1534089?
4
What is the units digit of 6792532?
2
What is the thousands digit of 328270?
8
What is the hundred thousands digit of 315377?
3
What is the tens digit of 428105?
0
What is the ten thousands digit of 472344?
7
What is the hundred thousands digit of 649704?
6
What is the hundreds digit of 155905?
9
What is the tens digit of 114072?
7
What is the tens digit of 119126?
2
What is the hundred thousands digit of 613691?
6
What is the hundreds digit of 27263?
2
What is the thousands digit of 406093?
6
What is the hundred thousands digit of 1661285?
6
What is the hundred thousands digit of 171447?
1
What is the tens digit of 1106065?
6
What is the thousands digit of 357848?
7
What is the units digit of 3876466?
6
What is the tens digit of 2068480?
8
What is the units digit of 171466?
6
What is the tens digit of 645145?
4
What is the hundred thousands digit of 288226?
2
What is the units digit of 4054931?
1
What is the units digit of 500431?
1
What is the thousands digit of 109890?
9
What is the hundreds digit of 71414?
4
What is the tens digit of 903963?
6
What is the hundreds digit of 212115?
1
What is the hundred thousands digit of 1619255?
6
What is the hundreds digit of 5614882?
8
What is the units digit of 5812616?
6
What is the hundreds digit of 5979485?
4
What is the units digit of 316302?
2
What is the hundred thousands digit of 1281857?
2
What is the hundred thousands digit of 196753?
1
What is the millions digit of 8369059?
8
What is the hundred thousands digit of 509739?
5
What is the hundreds digit of 283780?
7
What is the hundreds digit of 1512130?
1
What is the hundreds digit of 1025199?
1
What is the thousands digit of 186066?
6
What is the hundred thousands digit of 2161475?
1
What is the thousands digit of 40153?
0
What is the tens digit of 872948?
4
What is the hundreds digit of 1061978?
9
What is the tens digit of 143646?
4
What is the units digit of 2831945?
5
What is the millions digit of 1056162?
1
What is the hundreds digit of 16599114?
1
What is the units digit of 2570140?
0
What is the tens digit of 7834701?
0
What is the hundred thousands digit of 5722087?
7
What is the hundred thousands digit of 615174?
6
What is the thousands digit of 1287347?
7
What is the units digit of 3509955?
5
What is the tens digit of 2060484?
8
What is the units digit of 2196451?
1
What is the units digit of 26505336?
6
What is the hundred thousands digit of 175828?
1
What is the tens digit of 942767?
6
What is the tens digit of 14185301?
0
What is the hundred thousands digit of 8338233?
3
What is the hundreds digit of 1981209?
2
What is the thousands digit of 331701?
1
What is the tens digit of 2144853?
5
What is the tens digit of 1518329?
2
What is the hundreds digit of 8143259?
2
What is the thousands digit of 131569?
1
What is the ten thousands digit of 1061183?
6
What is the hundred thousands digit of 900786?
9
What is the ten thousands digit of 1682564?
8
What is the units digit of 8225754?
4
What is the thousands digit of 3462302?
2
What is the tens digit of 2648581?
8
What is the thousands digit of 57792?
7
What is the ten thousands digit of 26609322?
0
What is the ten thousands digit of 6443793?
4
What is the hundred thousands digit of 209831?
2
What is the thousands digit of 1025783?
5
What is the ten thousands digit of 2703695?
0
What is the units digit of 171218?
8
What is the units digit of 95438?
8
What is the units digit of 3083051?
1
What is the ten thousands digit of 61198?
6
What is the thousands digit of 32781704?
1
What is the ten thousands digit of 230306?
3
What is the units digit of 444760?
0
What is the millions digit of 8898873?
8
What is the hundreds digit of 330991?
9
What is the units digit of 28699?
9
What is the hundred thousands digit of 132900?
1
What is the ten thousands digit of 473667?
7
What is the thousands digit of 186439?
6
What is the thousands digit of 211148?
1
What is the thousands digit of 1994926?
4
What is the units digit of 1491470?
0
What is the hundred thousands digit of 137089?
1
What is the ten thousands digit of 294729?
9
What is the ten thousands digit of 6128444?
2
What is the ten millions digit of 18459454?
1
What is the tens digit of 35618627?
2
What is the millions digit of 5537074?
5
What is the tens digit of 245619?
1
What